What is q(-15)?
-142
Let k(d) = 2*d**3 + d**2 + 995*d + 3037. What is k(-3)?
7
Let o(t) = 2*t**2 - 100849*t + 806715. What is o(8)?
51
Let l(q) = -610028*q - 4880220. Determine l(-8).
4
Let u(n) = 59003*n + 1416089. What is u(-24)?
17
Let c(k) = -k**3 + 30*k**2 + 731*k - 21884. Give c(30).
46
Let j(k) = -7*k**2 + 222*k - 1639. What is j(19)?
52
Let l(y) = -15*y**2 + y + 469. Give l(-9).
-755
Let v(y) = 1634*y - 4752. What is v(3)?
150
Let t(y) = -2*y**3 - 101*y**2 - 112*y - 549. Determine t(-50).
2551
Let q(m) = -6*m**2 - 143*m + 231. Determine q(-22).
473
Let v(x) = x**3 - 343*x**2 - 1571*x - 182531. What is v(349)?
-4
Let l(r) = r**3 - 217*r**2 + 73*r + 30979. Calculate l(216).
91
Let w(n) = -165*n - 4510. What is w(-25)?
-385
Let q(n) = 88*n**3 + 623*n**2 + 12*n + 16. What is q(-7)?
275
Let x(l) = 5*l**3 + 43*l**2 - 40*l + 145. Give x(-7).
817
Let q(r) = 79563*r - 477381. Give q(6).
-3
Let c(x) = 4811*x - 9535. What is c(2)?
87
Let c(z) = 5*z**2 - 664*z - 2998. Determine c(137).
-121
Let u(w) = 35*w**3 + 977*w**2 + 1941*w - 7. What is u(-2)?
-261
Let o(w) = w**2 - 1288*w - 69674. What is o(-52)?
6
Let j(o) = -4774*o - 52457. Determine j(-11).
57
Let d(s) = 2*s**2 + 503*s + 10510. What is d(-23)?
-1
Let l(p) = -25*p**2 - 1027*p - 5241. Determine l(-6).
21
Let m(w) = 2*w**3 + 125*w**2 - 243*w - 2994. Give m(-64).
270
Let v(m) = 7449*m - 2994492. Calculate v(402).
6
Let v(i) = -12*i**3 - 17*i**2 - 3*i + 76. What is v(-6)?
2074
Let b(l) = -21786*l + 657. What is b(0)?
657
Let j(v) = -333*v + 1253. Calculate j(4).
-79
Let t(j) = j**3 + 38*j**2 - 774*j - 30726. Calculate t(-31).
-5
Let g(c) = 2*c**2 - 89*c + 1040. What is g(19)?
71
Let z(r) = -r**3 + 69*r**2 + 3803*r + 451. What is z(105)?
2866
Let o(y) = 1493*y**2 + 12009*y + 508. Calculate o(-8).
-12
Let d(x) = 14*x**3 - 432*x**2 - 41*x - 665. Calculate d(31).
-14
Let a(g) = 28*g**2 + 249*g - 509. What is a(2)?
101
Let d(i) = -i**3 + 179*i**2 - 1142*i - 10665. Calculate d(172).
-1
Let n(q) = -2*q**2 - 68*q + 936. What is n(-44)?
56
Let z(t) = -1168*t + 49927. What is z(43)?
-297
Let o(r) = -7966*r - 95735. Give o(-12).
-143
Let t(z) = 14*z**3 + 41*z**2 + 9*z + 81. Determine t(-5).
-689
Let y(u) = 3179*u - 11911. What is y(4)?
805
Let w(n) = n**3 - 15*n**2 + 248*n - 4601. What is w(20)?
2359
Let o(w) = -2*w**2 - 158*w - 2190. Give o(-18).
6
Let j(o) = -168*o**2 - 12909*o + 2237. Determine j(-77).
158
Let c(x) = 4279*x + 170928. What is c(-40)?
-232
Let q(x) = x**3 - 53*x**2 + 2762*x - 83274. Calculate q(38).
22
Let g(y) = 949*y + 713682. Determine g(-752).
34
Let j(d) = -d**3 - 18*d**2 + 5*d - 26. Give j(-18).
-116
Let d(c) = 1276*c - 12736. Give d(10).
24
Let f(d) = -42*d**3 - 19*d**2 + 44*d + 56. Give f(4).
-2760
Let w(q) = -266*q + 16897. Determine w(56).
2001
Let s(b) = b**2 - 1411*b - 146242. Determine s(-97).
34
Let l(x) = -242*x - 3624. Determine l(-13).
-478
Let l(m) = 14*m**3 - 3250*m**2 + 468*m - 455. Calculate l(232).
473
Let f(n) = n**3 - 31*n**2 - 1828*n - 55. Determine f(61).
67
Let t(g) = -5*g**2 + 24081*g - 168325. Give t(7).
-3
Let l(r) = -64527*r - 258129. What is l(-4)?
-21
Let r(v) = -22356*v - 89913. Determine r(-4).
-489
Let t(j) = j**3 + 284*j**2 + 3780*j + 46. What is t(-270)?
46
Let z(g) = 220*g**2 + 5521*g + 501. What is z(-25)?
-24
Let i(f) = 277111*f - 831336. Calculate i(3).
-3
Let v(y) = 4*y**2 + 2578*y + 8928. What is v(-641)?
-46
Let z(a) = 3*a**2 + 3406*a - 144697. Calculate z(41).
-8
Let k(w) = 2*w**3 - 19*w**2 - 31*w + 71. Determine k(13).
851
Let m(u) = -2996*u - 179804. Give m(-60).
-44
Let k(o) = -o**2 + 352*o - 29577. What is k(138)?
-45
Let y(x) = -2*x**2 + 121*x - 2. Calculate y(-2).
-252
Let s(k) = -355*k**2 + 94*k + 79. Determine s(-1).
-370
Let m(o) = -23*o**2 + 33*o + 685. What is m(0)?
685
Let y(n) = 367*n + 9013. What is y(-18)?
2407
Let k(y) = -2*y**2 - 1335*y - 16989. Give k(-13).
28
Let u(w) = 2684*w - 29531. Calculate u(11).
-7
Let v(t) = 5*t**3 - 824*t**2 - 177*t + 296. Calculate v(165).
-1684
Let t(k) = -666*k + 1718. Give t(2).
386
Let p(b) = 17273*b + 293642. Determine p(-17).
1
Let t(s) = -2647*s - 10109. Determine t(-4).
479
Let x(v) = 4173*v + 18263. Calculate x(-4).
1571
Let c(a) = 356*a + 1456. What is c(-8)?
-1392
Let p(o) = 2*o**2 + 153*o + 585. Give p(-48).
-2151
Let a(u) = -355*u**2 - 1660*u - 3316. Give a(-2).
-1416
Let j(s) = 192456*s - 1347201. What is j(7)?
-9
Let v(x) = -x**2 + 9432*x + 2380779. Determine v(-246).
-9
Let k(x) = -868*x - 217101. Calculate k(-250).
-101
Let z(y) = -5*y**2 - 599*y - 3094. Calculate z(-121).
-3820
Let n(m) = 3*m**3 - 44*m**2 + 43*m + 82. Calculate n(2).
16
Let n(c) = c**3 + 3*c**2 - 1105*c + 4214. Determine n(4).
-94
Let d(b) = 5928*b - 11838. Give d(2).
18
Let t(b) = 649*b + 615. Determine t(0).
615
Let u(n) = 192*n + 469. Determine u(-2).
85
Let o(x) = 2*x**3 + 65*x**2 + 74*x + 311. Calculate o(-32).
-1033
Let t(o) = 29*o**2 - 2415*o - 14811. Determine t(89).
-37
Let w(b) = -b**3 + 202*b**2 - 412*b - 184. Give w(200).
-2584
Let k(a) = -133*a + 320. Determine k(3).
-79
Let t(b) = 101343*b + 12363852. Give t(-122).
6
Let m(w) = -408*w**2 - 9373*w + 244. What is m(-23)?
-9
Let k(d) = 2*d**3 - 25*d**2 - 372*d + 125. Give k(-9).
-10
Let i(d) = -4*d**2 + 454*d - 9460. Give i(86).
0
Let q(c) = 47794*c - 669092. What is q(14)?
24
Let v(a) = -15*a**2 - 8061*a - 24176. Give v(-3).
-128
Let d(u) = -3*u**2 - 7090*u - 1100365. Calculate d(-167).
-2
Let r(y) = 16*y**3 - 490*y**2 - 197*y + 241. Determine r(31).
-100
Let g(b) = -5813*b + 35466. Give g(6).
588
Let o(x) = 8233*x + 518. What is o(0)?
518
Let d(q) = -q**3 + 23*q**2 + 170*q - 322. Give d(29).
-438
Let l(i) = 132748*i + 1991218. Give l(-15).
-2
Let i(k) = k**3 - 33*k**2 + 304*k - 36. Give i(16).
476
Let j(p) = -p**3 + 5*p**2 - 17*p + 108. Calculate j(4).
56
Let t(p) = p**3 + 25*p**2 - 120*p - 161. Determine t(-27).
1621
Let x(i) = -i**3 - 86*i**2 - 1316*i + 419. Give x(-66).
155
Let g(s) = -483*s**2 - 68*s - 86. Give g(-1).
-501
Let q(d) = 22*d**2 + 3405*d - 2. Give q(0).
-2
Let u(z) = z**3 - 15*z**2 + 7943*z - 119144. Determine u(15).
1
Let l(n) = -9*n**3 - 3*n**2 - 18792*n - 18790. What is l(-1)?
8
Let a(d) = 4*d**2 - 10553*d + 21100. What is a(2)?
10
Let m(h) = 85*h**3 - 487*h**2 + 17*h + 39. Give m(6).
969
Let t(j) = -141*j**2 - 1939*j - 9742. What is t(-5)?
-3572
Let y(x) = -x**3 - 62*x**2 + 28*x - 2143. Give y(-63).
62
Let f(t) = 117205*t + 1758082. What is f(-15)?
7
Let c(x) = 4*x**2 - 20*x - 16534. What is c(-62)?
82
Let v(t) = -t**3 + 22*t**2 + 34*t + 1293. Calculate v(27).
-1434
Let b(m) = -19*m**2 + 4424*m - 53690. Calculate b(220).
-10
Let k(v) = -35877*v - 214763. What is k(-6)?
499
Let s(j) = 4*j**2 + 812*j - 1648. Determine s(2).
-8
Let d(m) = -m**2 - 52*m + 715. Give d(-53).
662
Let p(z) = 60*z**3 - z**2 + 2087*z - 2088. Determine p(1).
58
Let y(r) = 5*r**2 - 11637*r + 161956. What is y(14)?
18
Let t(g) = -3594*g - 43133. Calculate t(-12).
-5
Let t(l) = 3180*l - 292600. What is t(92)?
-40
Let w(b) = -b**3 - 75*b**2 + 370*b - 2175. Give w(-80).
225
Let y(i) = -31736*i + 507758. Determine y(16).
-18
Let v(a) = -358*a**2 + 183*a + 350. Give v(-2).
-1448
Let a(y) = 1919*y - 90837. Calculate a(48).
1275
Let c(h) = -6101*h - 36538. Calculate c(-6).
68
Let t(a) = -2*a**3 + 106*a**2 + 371*a - 8434. What is t(55)?
-129
Let t(a) = 448*a + 442549. Give t(-988).
-75
Let n(j) = 115*j + 1466. Determine n(-8).
546
Let p(h) = 3*h**3 - 667*h**2 - 487*h + 9163. Determine p(223).
20
Let s(r) = 9099*r + 8492. Determine s(-1).
-607
Let u(j) = -503*j + 29106. Calculate u(58).
-68
Let q(o) = -o**2 - 352*o + 11840. What is q(31)?
-33
Let r(p) = 3*p**2 - 120*p + 737. Determine r(6).
125
Let f(n) = -18*n**2 + 3900*n + 19494. What is f(-5)?
-456
Let z(l) = -5609*l - 5872660. Determine z(-1047).
-37
Let l(s) = 2*s**3 - 22*s**2 + 35*s - 30. Determine l(9).
-39
Let b(k) = 2*k**2 - 11919*k + 71470. What is b(6)?
28
Let g(k) = -2*k**3 - 92*k**2 + 40*k - 2543. What is g(-47)?
-5
Let z(h) = 2536*h + 1164021. Give z(-459).
-3
Let w(p) = 2*p**3 - 66*p**2 + 71*p + 1471. Calculate w(31).
-172
Let p(j) = -44599*j + 1650173. Determine p(37).
10
Let j(z) = 2*z**3 + 287*z**2 + 549*z + 142688. What is j(-145)?
8
Let k(g) = -141336*g + 1130713. Give k(8).
25
Let t(c) = 8287